t common divisor of m and 15.
3
Let p(b) = b**3 + 3*b**2 - 4*b. Let l be p(-4). Suppose l = 3*j - 4*j + 4. Calculate the highest common factor of j and 44.
4
Let l = 30 + -19. Let r = -8 + l. What is the highest common factor of r and 33?
3
Suppose -2*s = -64 - 684. Calculate the greatest common factor of 34 and s.
34
Let g = -48 - -336. Calculate the greatest common divisor of 32 and g.
32
Suppose -19 = -5*r + 11. Suppose -r*n = -2*n - 792. Calculate the greatest common factor of n and 22.
22
Let j be (2/(-3))/((-1)/12). Calculate the highest common divisor of 20 and j.
4
Let x = 8 - 4. Let b(c) = -c**3 - 2*c**2 + 2*c - 1. Let k be b(-3). Calculate the highest common divisor of k and x.
2
Let f(r) = 10*r - 3. Let a be f(2). Let d(s) = -s**3 + s**2 + 2*s + 4. Let w be d(-3). Calculate the greatest common factor of w and a.
17
Let l(r) be the second derivative of -r**5/20 + 5*r**4/6 + r**2 + 4*r. Let h be l(10). Suppose 63 = h*k - 113. Calculate the highest common factor of k and 8.
8
Suppose 109 = -0*m - m. Let n be -2 + 3 - m/1. Suppose 7 = 3*x - 23. Calculate the highest common divisor of n and x.
10
Let q be 175 + (-2)/(-2) + 0. Suppose -3*p - 2*p + 80 = 0. Calculate the highest common divisor of p and q.
16
Suppose 0*a - 3*a + 4*k + 59 = 0, 5*k = 2*a - 37. What is the highest common divisor of a and 168?
21
Let v(g) = -g**2 + 14*g - 13. Let o be v(10). Suppose 2*t - 47 + 11 = 0. What is the highest common factor of t and o?
9
Let v(y) = -y**3 - 3*y**2 + 2*y + 10. Let c be v(-3). Calculate the highest common divisor of c and 44.
4
Suppose 0 = 3*t - 3*j - 540, 6*j - 540 = -3*t + 2*j. What is the greatest common factor of 15 and t?
15
Suppose -5*m + 538 = 3*h, -m + 98 = -0*m + 3*h. What is the greatest common factor of 22 and m?
22
Let x = 5 - 1. Let s(p) be the second derivative of p**3/3 + 3*p**2/2 - 2*p. Let d be s(x). What is the greatest common divisor of d and 55?
11
Suppose x = 5*x. Let p be 8/4 - (x + -1). What is the greatest common divisor of p and 15?
3
Let t be 132*-2*2/3. Let h be (t/(-10))/((-5)/(-50)). Let v = 28 + -12. Calculate the greatest common divisor of h and v.
16
Let v(s) = s - 11. Let w be v(11). Suppose -3*m - 73 + 451 = w. Calculate the highest common divisor of 14 and m.
14
Let r = 35 + -7. Calculate the greatest common divisor of 7 and r.
7
Suppose -3*k = 13*k - 160. What is the highest common factor of 6 and k?
2
Let z be (-12)/(-30) - 534/10. Let y be (-2)/4 + z/2. Let c be y/(-6) - 2/4. Calculate the highest common factor of 6 and c.
2
Suppose 5*f = 3 + 7. Suppose -3*m = -f*a + 13, -3*a = m - 0*m - 14. What is the highest common divisor of 15 and a?
5
Let z(c) = c**2 + 5*c - 4. Let u be z(-6). Suppose u*v - 6*v = -40. What is the greatest common factor of v and 30?
10
Let a(x) = -x**2 + 18*x - 7. Let b be a(15). Let k be ((-4)/6)/((-1)/(-3)). Let c be ((-38)/(-4))/((-1)/k). Calculate the highest common factor of c and b.
19
Let m be 4/8 + 7/2 + -2. Let r(n) = n + 4. Let g be r(-2). What is the highest common factor of m and g?
2
Let q be (-92)/(-28) + (-2)/7. Suppose 2*x + 16 = q*x. Calculate the greatest common divisor of x and 40.
8
Suppose -5*c = -73 + 3. Calculate the greatest common factor of c and 63.
7
Suppose -4*i = -4*u - 7 - 1, i + 10 = 5*u. Let l = -149 - -254. Suppose -30 - l = -i*g. What is the highest common divisor of g and 9?
9
Let x be (4/6)/(8/60). Let b = 146 + -91. What is the highest common factor of x and b?
5
Let h = -13 + 29. What is the highest common divisor of h and 272?
16
Let n(a) = -a + 1. Let w(s) = -46*s - 4. Let m(p) = -3*n(p) - w(p). Let f be m(1). Calculate the highest common factor of f and 10.
10
Suppose 0 = -3*b + 5*i + 293, -2*b = -i - 2*i - 195. Calculate the greatest common divisor of b and 24.
24
Let k(m) = m. Let h be k(-4). Let q be h/((-72)/34 - -2). Suppose 0 = -4*t + t + 51. Calculate the highest common divisor of q and t.
17
Suppose 0*a + 343 = 2*a - 3*p, -p - 877 = -5*a. Let k be 1/(1/22) + 0. Calculate the highest common divisor of k and a.
22
Suppose 4*s - 3*t = -9, -s + 3*t = 4 + 5. Suppose 3*r - 84 = -s*r. Let k = 94 - 24. What is the highest common factor of k and r?
14
Let t = 78 + -56. Let i(f) = 36*f - 2. Let j(p) = 72*p - 4. Let d(z) = 7*i(z) - 4*j(z). Let v be d(-3). What is the highest common divisor of v and t?
22
Let w(a) = -99*a. Suppose -2*f = 3*f + 10. Let p be w(f). Calculate the greatest common divisor of 18 and p.
18
Suppose 5*s - 198 + 63 = 0. Suppose 2*y = y + s. Calculate the greatest common divisor of 3 and y.
3
Let s(d) = -3*d**3 - 3*d**2 - 40. Let g(q) = 5*q**3 + 5*q**2 + 80. Let w(a) = 4*g(a) + 7*s(a). Let j be w(0). What is the greatest common divisor of j and 5?
5
Let f = 9 + -5. Suppose 0 = -3*g + 4*o + 30, -f*g - 3*o + 14 = -26. Calculate the greatest common divisor of g and 90.
10
Let o(s) = -3*s**2 - 4*s - 2. Let f be o(-2). Let c = -3 - f. Suppose -3*h + 34 = 5*d, -3*d - 26 = -c*h - 8. Calculate the highest common factor of h and 64.
8
Suppose -73 = -4*l + 3*p, p - 4 = -7. Suppose -4*k + 2*v - 6 = -0*k, -3*v = 3*k - 9. Let m be 2 + k + 175 + -1. Calculate the highest common factor of m and l.
16
Let u(z) = z**3 - 3*z**2 - 4*z - 1. Let i = -2 + 6. Let a be u(i). Let v be (-384)/(-4) + (a - -3). Calculate the greatest common factor of 14 and v.
14
Let y = -107 - -128. Let b be 0 - -14 - (-1 - -1). What is the greatest common factor of y and b?
7
Suppose -y + 2 = -2. Suppose -y*m - 3*a = -76, 0 = -a - 1 + 5. What is the greatest common factor of m and 2?
2
Suppose -73 = -4*u + 119. Let g(n) = n**3 + 3*n**2 - 1. Let x be g(-6). Let a = 181 + x. What is the highest common factor of u and a?
24
Let g = 21 + -28. Let m = 53 - g. What is the greatest common factor of m and 12?
12
Let o = -4 + 7. Let i = -2 + 3. Let f = o + i. What is the greatest common factor of f and 4?
4
Let y be (4 - (-168)/(-15))*-10. What is the greatest common divisor of 8 and y?
8
Suppose -5*z - 230 = -5*y, 4*y + 10*z - 175 = 5*z. What is the highest common factor of y and 27?
9
Suppose 0*f - f + 4*p = -4, 2*f + 5*p - 8 = 0. What is the highest common factor of 6 and f?
2
Let q(s) = -s - 26. Let u be q(0). Let k = -37 + 22. Let y = k - u. What is the greatest common divisor of 1 and y?
1
Let h(a) = 3*a**3 - a + 2. Let b be h(3). Suppose -5*x + 12*x = 70. What is the greatest common divisor of x and b?
10
Let d be 2/6*2*3. Suppose -s = -3*w, 0 = -w + d*w - 3*s. Suppose 0 = -w*q - 2*q + 34. What is the greatest common divisor of 17 and q?
17
Suppose -s + 15 = 4*t + t, -t + 27 = 5*s. Calculate the greatest common factor of s and 45.
5
Let d = 21 + 3. Let b = 77 - 17. Calculate the highest common divisor of b and d.
12
Suppose 3285 = 4*l + g, 5*l + 5*g - 3754 = 356. Suppose -8 + 24 = 4*j, -j - l = -5*b. What is the greatest common factor of 15 and b?
15
Let y be ((-3)/2)/(2/(-12)). Let v be y/27 + (-82)/(-6). Calculate the greatest common factor of 42 and v.
14
Let v(c) = 2*c**2 + 2*c + 4. Let z be v(-2). What is the highest common divisor of 48 and z?
8
Let y(h) = 7*h - 1. Let f be y(3). Calculate the highest common divisor of 40 and f.
20
Let c be 3/6 - 716/(-8). Let n = 5 - -60. Suppose 5*j - a + 6*a = n, 5*j = 3*a + 41. What is the highest common divisor of j and c?
10
Let s(a) = 4*a**2 - 3*a + 1. Let g be s(1). Let n = 1 + 0. Let p be (2/(-4))/(n/(-12)). What is the highest common factor of g and p?
2
Let c be ((-14)/(-6))/(1/12). Suppose v + p - 282 = 3, 3*v - 4*p - 820 = 0. Let y be v/12*(4 + -1). What is the highest common factor of c and y?
14
Let l be 490/7*1/1. What is the greatest common factor of l and 14?
14
Suppose 15 = -p - 3*n, -4*p + 5*n - 29 = -3. Let u(q) = -q**3 - 7*q**2 + 11*q + 2. Let g be u(p). Calculate the highest common factor of g and 13.
13
Let h = 114 + -112. What is the greatest common factor of h and 38?
2
Suppose -5*p = n - 639, -3*p + 0*n - 4*n = -380. Calculate the greatest common divisor of 16 and p.
16
Suppose -35 = -3*j + 2*j. Suppose -3*c - 50 = -2*x, 0*x + 125 = 5*x - 4*c. Suppose -4*z = z - x. Calculate the greatest common divisor of j and z.
5
Suppose -3*o + 3 = -237. Suppose -30 = -2*c + 16. Let n = c - 13. What is the highest common factor of n and o?
10
Let w be (-6)/(-27) + (-349)/(-9). What is the highest common divi